53729.
13, 4133
List the prime factors of 5137802.
2, 2568901
List the prime factors of 348275.
5, 13931
What are the prime factors of 3397771?
13, 47, 67, 83
List the prime factors of 3096736.
2, 29, 47, 71
What are the prime factors of 416463?
3, 138821
What are the prime factors of 804830?
2, 5, 13, 41, 151
List the prime factors of 583274.
2, 59, 4943
List the prime factors of 15530146.
2, 17, 456769
List the prime factors of 2871126.
2, 3, 37, 479
What are the prime factors of 255852?
2, 3, 23, 103
List the prime factors of 26797.
127, 211
What are the prime factors of 1601960?
2, 5, 29, 1381
List the prime factors of 56191.
83, 677
List the prime factors of 1475903.
11, 13, 10321
List the prime factors of 458962.
2, 7, 32783
List the prime factors of 2813181.
3, 7, 109, 1229
List the prime factors of 7931479.
43, 139, 1327
What are the prime factors of 20364294?
2, 3, 3394049
List the prime factors of 6221767.
6221767
What are the prime factors of 2651632?
2, 103, 1609
What are the prime factors of 10492079?
13, 807083
List the prime factors of 15809856.
2, 3, 67, 1229
What are the prime factors of 22823740?
2, 5, 113, 10099
List the prime factors of 7996064.
2, 79, 3163
List the prime factors of 3289219.
797, 4127
What are the prime factors of 1757283?
3, 11, 47, 103
What are the prime factors of 671012?
2, 227, 739
List the prime factors of 686159.
23, 29833
What are the prime factors of 6268538?
2, 613, 5113
List the prime factors of 10404550.
2, 5, 13, 16007
List the prime factors of 19701466.
2, 9850733
List the prime factors of 318626.
2, 7, 11, 2069
List the prime factors of 36421.
7, 11, 43
List the prime factors of 4345806.
2, 3, 773, 937
What are the prime factors of 9860816?
2, 7, 17, 5179
List the prime factors of 183612.
2, 3, 11, 13, 107
What are the prime factors of 1095562?
2, 13, 29, 1453
What are the prime factors of 1379918?
2, 689959
What are the prime factors of 20584218?
2, 3, 23, 149161
What are the prime factors of 124609?
353
List the prime factors of 881821.
37, 23833
What are the prime factors of 19134806?
2, 9567403
What are the prime factors of 431259?
3, 29, 4957
List the prime factors of 8108386.
2, 11, 13, 28351
What are the prime factors of 3866672?
2, 241667
List the prime factors of 261924.
2, 3, 13, 23, 73
List the prime factors of 53740.
2, 5, 2687
List the prime factors of 4348980.
2, 3, 5, 37, 653
List the prime factors of 412297.
71, 5807
List the prime factors of 238359.
3, 11, 31, 233
What are the prime factors of 17954434?
2, 8977217
What are the prime factors of 3765345?
3, 5, 173, 1451
List the prime factors of 30415.
5, 7, 11, 79
List the prime factors of 19507347.
3, 17, 59, 2161
What are the prime factors of 329544?
2, 3, 23, 199
What are the prime factors of 4296949?
1097, 3917
List the prime factors of 1820027.
11, 165457
What are the prime factors of 1190699?
1190699
List the prime factors of 699361.
13, 23, 2339
What are the prime factors of 797297?
19, 29, 1447
List the prime factors of 1095351.
3, 53, 83
What are the prime factors of 1406755?
5, 7, 40193
What are the prime factors of 582009?
3, 194003
What are the prime factors of 4209404?
2, 17, 103, 601
List the prime factors of 2959293.
3, 61, 103, 157
List the prime factors of 7040096.
2, 7, 53, 593
What are the prime factors of 1982567?
1982567
List the prime factors of 8055514.
2, 461, 8737
List the prime factors of 1014448.
2, 19, 47, 71
What are the prime factors of 154585?
5, 43, 719
List the prime factors of 372192.
2, 3, 3877
List the prime factors of 2996376.
2, 3, 19, 6571
What are the prime factors of 232489?
137, 1697
What are the prime factors of 936799?
953, 983
What are the prime factors of 28387977?
3, 17, 556627
What are the prime factors of 48863?
131, 373
What are the prime factors of 15247569?
3, 89, 57107
List the prime factors of 5773749.
3, 307, 6269
List the prime factors of 661208.
2, 82651
What are the prime factors of 236743?
13, 18211
What are the prime factors of 250156?
2, 62539
What are the prime factors of 222161?
222161
List the prime factors of 147714.
2, 3, 7, 3517
List the prime factors of 210335.
5, 23, 31, 59
List the prime factors of 297046.
2, 19, 7817
List the prime factors of 1138637.
1138637
What are the prime factors of 13907175?
3, 5, 185429
What are the prime factors of 274116?
2, 3, 53, 431
What are the prime factors of 1185210?
2, 3, 5, 13, 1013
List the prime factors of 257138.
2, 7, 18367
List the prime factors of 4226587.
137, 30851
List the prime factors of 11058176.
2, 10799
List the prime factors of 1668022.
2, 29, 28759
What are the prime factors of 1539647?
313, 4919
What are the prime factors of 6614938?
2, 11, 17, 23, 769
What are the prime factors of 68579?
7, 97, 101
List the prime factors of 135859.
135859
List the prime factors of 246655.
5, 49331
What are the prime factors of 470781?
3, 17, 181
What are the prime factors of 16774914?
2, 3, 13, 215063
What are the prime factors of 665785?
5, 133157
List the prime factors of 368415.
3, 5, 2729
List the prime factors of 10746895.
5, 2149379
List the prime factors of 332594.
2, 166297
What are the prime factors of 3678407?
3678407
What are the prime factors of 3714105?
3, 5, 247607
List the prime factors of 2491136.
2, 37, 263
List the prime factors of 26231357.
17, 263, 5867
What are the prime factors of 9044530?
2, 5, 11, 82223
List the prime factors of 10157151.
3, 3385717
List the prime factors of 37462216.
2, 11, 23, 83, 223
List the prime factors of 15672865.
5, 13, 41, 5881
List the prime factors of 132220.
2, 5, 11, 601
What are the prime factors of 869953?
7, 19, 31, 211
What are the prime factors of 55168?
2, 431
What are the prime factors of 57320?
2, 5, 1433
What are the prime factors of 1259971?
41, 79, 389
List the prime factors of 31236589.
19, 1644031
What are the prime factors of 12103003?
11, 1100273
List the prime factors of 1573011.
3, 11, 15889
List the prime factors of 1186203.
3, 233, 1697
What are the prime factors of 636533?
636533
What are the prime factors of 3997900?
2, 5, 39979
What are the prime factors of 199465?
5, 7, 41, 139
List the prime factors of 77015.
5, 73, 211
List the prime factors of 284671.
23, 12377
List the prime factors of 15362858.
2, 7, 409, 2683
What are the prime factors of 335507?
335507
List the prime factors of 3477827.
3477827
List the prime factors of 18243675.
3, 5, 81083
List the prime factors of 1568368.
2, 83, 1181
What are the prime factors of 454829?
157, 2897
List the prime factors of 1162040.
2, 5, 11, 19, 139
List the prime factors of 12664220.
2, 5, 211, 3001
List the prime factors of 24691.
24691
List the prime factors of 2432388.
2, 3, 7, 23, 1259
List the prime factors of 1576873.
73, 21601
What are the prime factors of 339972?
2, 3, 41, 691
List the prime factors of 21690755.
5, 4338151
What are the prime factors of 228090?
2, 3, 5, 7603
List the prime factors of 22815.
3, 5, 13
What are the prime factors of 352241?
19, 18539
What are the prime factors of 389209?
29, 13421
What are the prime factors of 700252?
2, 7, 89, 281
List the prime factors of 1534989.
3, 157, 3259
List the prime factors of 18000234.
2, 3, 7, 373, 383
List the prime factors of 530775.
3, 5, 7, 337
What are the prime factors of 1922116?
2, 7, 19, 3613
List the prime factors of 4496307.
3, 239, 6271
List the prime factors of 293083.
7, 149, 281
List the prime factors of 3697854.
2, 3, 37, 16657
What are the prime factors of 85229?
85229
What are the prime factors of 507865?
5, 101573
What are the prime factors of 464797?
17, 19, 1439
What are the prime factors of 131224?
2, 47, 349
What are the prime factors of 1996297?
1996297
What are the prime factors of 5524412?
2, 1381103
List the prime factors of 701535.
3, 5, 46769
What are the prime factors of 109004?
2, 7, 17, 229
List the prime factors of 6847327.
73, 97, 967
What are the prime factors of 3654832?
2, 228427
List the prime factors of 3285764.
2, 821441
List the prime factors of 374992.
2, 23, 1019
List the prime factors of 6460802.
2, 3230401
What are the prime factors of 780995?
5, 19, 8221
What are the prime factors of 976738?
2, 7, 69767
What are the prime factors of 456772?
2, 114193
List the prime factors of 3618321